 81 - -11) + 1).
-64
What is -15 + (11 - -31) - (-67 - -80)?
14
Calculate 2 + -15 - ((22 + -14 - -3) + -5).
-19
What is the value of (26 - (-118 + 211)) + (-1 - (7 - -2))?
-77
What is 91 + (0 - 49) - (-4 - -133)?
-87
Calculate -56 + 0 - (-3715 + 3696).
-37
What is the value of 22 + -54 - (9 - 2)?
-39
Calculate -94 - -49 - (-60 + 5).
10
What is 98 + 2 + (-1 - 3) - ((-224 - -296) + -57)?
81
What is (9 - 0) + (733 - 769) + -25?
-52
Evaluate -13 + 1 - 0 - (-6 - (-18 - (-5 - 1))).
-18
(3 - (17 - (0 - 12))) + (-10 - 3)
-39
Calculate (-76 - -160 - 80) + -13.
-9
What is -101 + 39 + -59 - (-2 - (-2 + 10 + 4))?
-107
(5 - 3) + -14 + -66 + (20 - 18) + 20
-56
Evaluate -72 - -32 - (-9 + -4 + 3 + 2).
-32
What is -3 - -9 - (-1 + -16 - (38 - (65 + -23)))?
19
What is the value of 1 - -10 - (-4 + 6) - (-1086 + 1080)?
15
What is the value of -38 - -108 - 47 - -14?
37
Calculate -97 + -3 + 98 + -54.
-56
What is the value of (6 - (-12 + 9)) + (-1 - -67) + (-4 - 0)?
71
What is -1 + -29 + (111 - -143 - 269)?
-45
Calculate (0 - -3 - (-5 - -58)) + 0 + 4 + -8.
-54
Evaluate -39 + (5 - -17) - 1 - 12.
-30
What is the value of 52 + -5 + -2 + 5 + -18?
32
What is 20 - 7 - (8 + -8 + -3 + 28)?
-12
Evaluate 0 - (-1 + (0 - 0)) - ((-233 - -144) + 144).
-54
Evaluate 6 + (-4 + 25 + -27 + 2 - -96).
98
Calculate 19 - (14 + 0 - -42).
-37
What is the value of (-92 - 19) + 69 + -10?
-52
Calculate -36 - ((-6 - 42) + 32) - 31.
-51
Calculate (-2 - -1) + 0 + 107 + -250 + (219 - -22).
97
3 + (-19 + -77 - (-47 - -12))
-58
Calculate 1 + -38 + -4287 + 4353.
29
Calculate -7 - -7 - (59 + -4 - (9 + -12)).
-58
What is (-1238 - -1216) + 45 + -1?
22
What is the value of -7270 + 7264 - (0 - ((2 - 1) + 0) - 7)?
2
Calculate -22 + (-4 - -41 - -42).
57
Evaluate 2 - 4 - (-11 + 1) - (8 + -4) - 74.
-70
Evaluate 49 + -50 + (0 - 2) + (2 - (-2 - -7)).
-6
Evaluate 6 - (-8 - (-10 + -15 + -7)).
-18
What is 16 - 2 - -52 - (-15 + 16) - 4?
61
What is -30 + 95 + (-11 - 52)?
2
-24 + (23 - -1 - 14) - -87
73
Evaluate (0 - (-39 - -6)) + 6 - (-132 + 126).
45
Evaluate (1 - (2 - 7) - -4) + -2 + 1.
9
Calculate -332 + 136 - (1 + -114).
-83
What is the value of (13 - (23 + -22 + 22)) + -54?
-64
Calculate -137 + 9 - (-3 + 5 + -9 - (7 + 2)).
-112
Evaluate -176 - (-52 - 31) - -115.
22
What is the value of -2 + 11 - (-49 + 47)?
11
What is (-15 - (-20 - (-11 + -15))) + -1?
-22
Calculate 10 + -12 + (1 - (1 + 1 + -3)) + 30.
30
Evaluate 140 + 22 + (8 - 41) + -27.
102
Evaluate 7 - (-5 - (25 + 11)).
48
Calculate 0 - (-25 - (39 + 33)).
97
Evaluate -190 + 15 + 146 - (-47 - 1).
19
Evaluate (33 - -1) + (453 - 464) + -10 - (-4 - -2).
15
What is 0 + (-9 + 0 - 4) + 94 + -25?
56
What is -19 + (44 - 83 - -56)?
-2
What is the value of 12 - (8 + 7 + (12 - (15 - -5))) - 41?
-36
What is the value of -25 + -70 + 125 - 85?
-55
Evaluate -34 + (-26 - -5) + 43.
-12
What is (-61 - 2 - 2) + 19354 + -19355?
-66
(2215 - 2283) + (-17 - -1)
-84
Evaluate -15 + (31 - -2) + (9 - 18).
9
Evaluate 12 + (-186 - -192 - (33 - 0)).
-15
Evaluate -80 - ((-17 - 2) + -47 + 28).
-42
Calculate 1 + -2 + -1 + -564 + 527.
-39
Calculate (2 - -1 - 14) + -14 + (25 - -8).
8
-2 + -2 + 3 + (-101 - -110) - (74 - 165)
99
-3 - (1 - 10) - (-63 + 41) - (-13 - -3)
38
What is the value of (4 + -4 + 7 - 4) + 27 + 11 + -21?
20
What is the value of -242 - -59 - (-155 - -63)?
-91
-1 + (10 - 21) - 54
-66
Calculate 15 + 12 + (13 - (61 - -16)).
-37
What is 1 + -9 + -43 + (32 + -8 - 6)?
-33
-2 + -1 + -4 + 33 + (-159 - -154)
21
(68 - 5) + -5 + -1 + (7 - 3) + -5
56
-72 + ((10 - -6) + 26 - 28)
-58
Evaluate 23 - 66 - -32 - (-45 - 2) - 1.
35
Evaluate (47 - (-5 - 2) - (-3 + 14)) + -5.
38
What is (14 - -5 - 91) + (35 - 24)?
-61
-4 + 3 + -7 + (46 + 22 - 14)
46
Calculate (-20 - -17) + 2 + 8 + 1 - 3 - 35.
-30
Evaluate 209 + (-80 - 26 - -12).
115
What is -3 - (-12 + 5) - ((5 - 19) + 45)?
-27
What is the value of 6 + 7 + -71 + (7 + -9 - 5 - -9)?
-56
-70 - ((-68 - -54) + -2)
-54
Evaluate 2 + 2 + 3 - (59 + (-26 - -25)).
-51
Evaluate -38 - ((4 - 2) + (4 - (-15 + 4 - -6))).
-49
What is (2 - 5) + (-14 - -1 - (-87 - (-2 + -15)))?
54
What is the value of (-70 - -2) + 23 + (2 - 43) + 31?
-55
What is 101 + -214 + 103 + (2 - 2 - -41)?
31
Calculate 15 - (-21 - (8 - 10) - -36).
-2
What is the value of 47 + (-65 - (-15 + 26))?
-29
Calculate (388 - 381) + (-2 + 0 - 1 - (-35 + -3)).
42
What is -12 + (6 - (-14 + (62 - (-4 - -10))))?
-48
What is the value of -5 + (18 - 13) + 15 + (13 - 21)?
7
What is 60 + -4 + 28 - 77?
7
Calculate 29 + (-33 - (-32 + 4)).
24
What is 3 - (1400 + -1410 + (-2 - (-3 + 2)) + 3)?
11
What is 52 + -73 - (195 + -220)?
4
What is the value of 86 + -87 + (-4 - -10) + 21 - 1?
25
Evaluate (-10 - 1) + -9 + (81 - 42 - 13).
6
Evaluate 17 + (-60 - -96) - 2.
51
What is the value of -88 + (230 - 94) + -100?
-52
Evaluate 40 + 18 + 48 + -92.
14
What is (2292 - 2160) + (-31 - 0) + 0?
101
(-37 - 6) + 81 + -9
29
Calculate (-8 - 22) + (7 + 0 + 10 - 30).
-43
Calculate 51 + (-8 - (1 + 1) - (-9 - 23 - -20)).
53
Calculate -15 + (-3 - -112) + -51.
43
Evaluate 41 - (-8 + -3 + -2 + (66 - 68) - -10).
46
What is -75 - 14 - ((-5 - 0) + (-26 - (32 - 60)))?
-86
2 + 1 - ((241 - 253) + 2 + 13) - 11
-11
What is (8 - 48) + 15 - -3?
-22
Calculate -24 + -8 + 11 - (13 + 32 + -17).
-49
What is the value of 7 - (-78 + 53 - 17)?
49
13 + 0 + (1143 - 1118 - (0 - -36))
2
What is the value of 57 + 48 + -38 + -48?
19
Calculate 1 - (6 + -17 + 5 - -3) - -5.
9
0 - 8 - (-130 + 4 + 91)
27
Calculate -4 + 0 + -2 + (11 + 3 + -4 - -11).
15
What is (-60 - (30 - 81)) + -2 + 49?
38
What is -270 + 286 - ((0 - -28) + 3)?
-15
1590 + -1623 + (2 - 1 - 17)
-49
120 + (-1 - (123 - 92))
88
What is (-311 - -194) + (134 - 70)?
-53
What is the value of 11 - -8 - (1 + -7) - (1 + 4 + 1)?
19
What is -4 - (-10 + -40) - 31?
15
-1 - -6 - (0 + -1 - 0) - (38 - 31)
-1
-3 + 12 - -8 - 6 - (10 + -20 + 48)
-27
(8 - (-4 + -94)) + (-1 + -1 - (-25 + 38))
91
Calculate 55 - (-56 - -98) - (-6 - -3).
16
(65 - 183) + (37 - (-14 - -29))
-96
What is -16 + 15 + -2 + (-14 - 42) + 64?
5
Evaluate -42 - (-18 + -15) - -31 - -13.
35
Calculate -11 + (-52 - -44) + 117.
98
What is -4 - (-106 + -38 + 16 + -4 + 13)?
115
(0 - -16) + (35 - 16 - -1 - -17)
53
What is the value of 26 + -7 - (-249 + 296)?
-28
What is 3 + 15 + -7 + -3 + -5 + -24?
-21
Calculate (-21 - 1) + (1 - -1) - (-16396 - -16398).
-22
Evaluate -4 - 1 - (-64 + 44 + 8 + 5 + 0).
2
What is the value of -11 + -6 + 21 + -13 + (-5 - 1)?
-15
Calculate (-2 - 10) + 110 + -24 + 20.
94
Calculate 109 - (107 - (11 + 39)).
52
(35 + -25 - (-5 + 13 + 14)) + -24 + 0
-36
What is -2860 + 2863 - (14 - 0)?
-11
Evaluate -1 + 20 + -9 - (16 - (-6 - -22)).
10
Calculate -4 + 222 - (201 + -108).
125
Evaluate (9500 - 9446) + -86 + 1.
-31
-52 - (3 - 19) - -17 - (7 - 129)
103
What is the value of 10 - (-2 - (3 - (9 - (10 + 4 + 36))))?
56
Evaluate 28 + 1 - 26 - (-11 - -31).
-17
8 + (66 - 66) + (2 - -2) - -11
23
Evaluate 3 + 16 + (-26 - -39) + 10.
42
(17 - (8 - (26 - 9))) + -24
2
Evaluate 69 - ((-132 - -94) + 123).
-16
What is the value of (0 + 8 - (24 + -9)) + 36 + (-1 - 1)?
27
What is the value of (-6 - (-100 - (-11 - 27))) + -1 + -1?
54
Evaluate -73 + -2 - -6 - -64.
-5
-1 + 3 + (-98 - -101) + -21 + -58
-74
Evaluate -52 + (23 - -27) - -17.
15
What is -11 + (-3 + -4 - (45 + -60))?
-3
What is -34 - (-8 - (-163 - -179))?
-10
Calculate 15 + 5 + (-6 + -10 - -8 - -4).
16
-58 + -61 + 165 + -43
3
What is the value of 9 + (-202 - -199) + 2 + 1 - 11?
-2
What is the value of -12 + -1 + 2 - (5250 + -5270)?
9
What is the value of ((36 - 70) + 12 - 72) + -26?
-120
What is (83 - (14 - 15) - 24) + -10?
50
1709 + -1703 - (-1 - -6)
1
(-18 - -7 - -2) + (-21 - -1 - (-85 + -58))
114
What is the value of 16 + 4 + -68 + (-63 - -50) + 20?
-41
Evaluate 32 - (-186 + 155) - 124.
-61
Evaluate -18 - ((2 - -14) + (-55 - 94) + -2).
117
What is the value of (-1 - 1 - -9) + -1 + -12 + 74?
68
Evaluate -336 + 332 + (-4 + 2 - 5).
-11
Calculate 95 - 0 - (574 + -550).
71
Evaluate 15 + 40 - (30 + (13 - 20)).
32
What is the value of -85 + -20 + -19 + 11 + -22 + 22?
-113
Calculate 12 + (-6 - (6 + -34)) + -8.
26
What is (0 - -54) + ((86 - -5) + -107 - (-15 - 1))?
54
Evaluate (-364 - (-195 - 163)) + (1 - -39 - (-3 + 2)).
35
What is 1 + 70 + 4 - (-78 + 28 + 62)?
63
Evaluate -426 - -437 - (93 + 1 - (-37 - -38)).
-